+ 18. What is the remainder when f(2) is divided by c?
0
Let v(m) = 7*m - 9. Let w(z) = 24*z**2 - 105 - 12*z**2 + 37*z - 13*z**2. What is the remainder when w(26) is divided by v(5)?
25
Let b = -15 - -18. What is the remainder when (-3)/2*1190/(-105) is divided by b/(-15) - 46/(-5)?
8
Suppose 8*i = 5*n + 10*i - 442, -4*n - 4*i = -356. Suppose -5*s + 1 = -89. Calculate the remainder when n is divided by s.
16
What is the remainder when (-39)/507 - (-1)/(-13)*-1327 is divided by 26?
24
Let c be 8/20*(0 - -15). Let y = c + -3. Calculate the remainder when (-3)/(5*54/(-3420)) is divided by y.
2
Let i = -19548 - -19934. What is the remainder when 1915 is divided by i?
371
Suppose -275*v = -270*v - 90. Let d(i) = 3*i**2 - 4*i + 2. What is the remainder when d(3) is divided by (-1)/((-2)/8) + v/9?
5
Let g = -301 - -399. Suppose 5*z = -4*f + 40, f - 80 = -3*f + 5*z. Let a = 19 + f. What is the remainder when g is divided by a?
30
Let z(w) = w**3 + 52*w**2 + 52*w + 112. What is the remainder when 1203 is divided by z(-51)?
44
Let d = 25936 - 25918. Suppose 0*s + 5*s = 10. Suppose 3*m - 5*m - 4*z = -62, 4*m - 130 = -s*z. Calculate the remainder when m is divided by d.
15
Let q be 1 + 1*(440 + -6). Suppose 35*j = 40*j - q. What is the remainder when j is divided by 13?
9
Let a = -5100 + 5159. Let j(x) = 5*x**2 + x - 3. What is the remainder when a is divided by j(-2)?
14
Suppose 2 = -3*p + 5. Suppose 469 - 117 = 8*d. Let o = 45 - d. What is the remainder when p is divided by o?
0
Let y(h) = 49*h**2 + 3*h - 2. Let o be y(-2). Suppose -4*c + 317 = -207. Calculate the remainder when c is divided by o/6 - (-15)/9.
32
What is the remainder when 5222 is divided by 415/332*(-2144)/(-20)?
130
Let p be ((-70)/4)/((-455)/112 - -4). Suppose p = 4*t - 2*l, -4*l - 350 = -5*t - 6*l. What is the remainder when 138 is divided by t?
68
Suppose 0*j - 4*j + 17 = -3*n, -3*j = 2*n. What is the remainder when (0 + -41)*1/(-1) is divided by (j/(-2))/(2/(-42))?
20
Suppose 0 = -3*f + 3*h, -18*f + 14 = -16*f + 5*h. Suppose w = -2*s + 24, f*w + 2*s = -0*s + 38. What is the remainder when 68 is divided by w?
12
Let g(s) = 46*s - 168. Calculate the remainder when 468 is divided by g(7).
6
Let j = -34668 - -35253. Calculate the remainder when j is divided by 9.
0
Let b(j) = 23*j**2 + 6*j + 8. Let i be ((-126)/12)/7*2. What is the remainder when b(i) is divided by 33?
32
Let p = 49 + -58. Let g(m) = m**3 + 11*m**2 + 14*m + 18. Let u be g(p). Let a = u - 48. Calculate the remainder when 38 is divided by a.
2
Suppose 0*h - h = 4*w - 43, 5*h = 15. Suppose -w*a = -0*a - 120. What is the remainder when 48 is divided by a?
0
Let c be (-2)/((-3)/(-2) - 1) - -226. Suppose 1352 - c = 10*w. Calculate the remainder when w is divided by 29.
26
Calculate the remainder when 4031 is divided by ((2840/6)/5 + -5)/((-7)/(-21)).
265
What is the remainder when 120/3 + 1/(-1) is divided by 6 + -4 - (-2 - 24/6)?
7
Let k = 146 + -141. Suppose 0 = 15*m - k - 280. What is the remainder when 69 is divided by m?
12
Let u = 1042 + -317. What is the remainder when 1*-3 - u/(-5) is divided by (19/(-3) - (-170)/85)*-3?
12
Suppose 3*t - 3*y - 181 = -7, 3*y + 119 = 2*t. Let s = -54 + 107. Let f = t + s. What is the remainder when f is divided by 28?
24
Let b(r) = 121*r**2 + 186*r - 3. What is the remainder when 680 is divided by b(-2)?
26
Let n(f) = 3*f**2 - 105*f + 817. Let s = -69 + 112. Calculate the remainder when n(8) is divided by s.
40
Let o = -2891 - -2933. Calculate the remainder when 396 is divided by o.
18
Suppose 3*r - 105 = 6*r. Let m = 237 + r. Calculate the remainder when m is divided by 51.
49
Suppose -4*d + 5*t - 9*t = -3816, d + 2*t - 959 = 0. Let m = -191 - -321. Suppose d = 7*v + m. Calculate the remainder when v is divided by 30.
27
Let h(i) = 53*i + 1. Let y(j) = j**3 + 16*j**2 - 103*j - 1733. What is the remainder when y(-14) is divided by h(1)?
47
Let p(x) = 449*x - 2649. Calculate the remainder when 1027 is divided by p(6).
37
Let j = 6525 + -6410. What is the remainder when 686 is divided by j?
111
Let a = -309 - -421. Calculate the remainder when a is divided by 38.
36
Suppose -3*i + 114 = 4*p + 19, p - 2 = 0. Let h = i - 26. Calculate the remainder when 115 is divided by (-24)/(-6) - -3*h.
11
Let u be 8/(-76) + (-6101)/(-19). Suppose -15*f + u - 81 = 0. Calculate the remainder when 31 is divided by f.
15
Let u be ((-12)/(-9))/(((-21)/(-135))/7). Suppose s + 0*l = 4*l + 60, -u = -s + 3*l. Suppose -6*a + s = -a. What is the remainder when 47 is divided by a?
11
Let u(o) = -o**2 + 2*o + 21. Let y be u(-21). Calculate the remainder when ((-207)/(-2))/1 - 693/y is divided by 18.
15
Let x = 5810 + -5260. What is the remainder when x is divided by 3?
1
Let x be ((-7)/(-70)*0)/(-6). Let o(h) = -h**3 - 6*h**2 - 2*h + 133. What is the remainder when o(x) is divided by 72?
61
Let f = -10211 + 10220. What is the remainder when 332 is divided by f?
8
Suppose -l + 21 = x - 1, 85 = 4*l + 5*x. Suppose 7*j - 5*j = -5*j. Calculate the remainder when -1 + (-4 - -7) - (j - 44) is divided by l.
21
Suppose -28*c = -29*c + 5. Suppose c*g = 3*f - 2, -1 = 2*f + 2*g - 13. What is the remainder when 69 is divided by f?
1
Let q = -3 - -20. Suppose -8*m + q*m - 603 = 0. Suppose -i + 5 + 5 = 0. Calculate the remainder when m is divided by i.
7
Let r be ((-392)/(-10))/((-24)/120). Let i = -115 - r. Calculate the remainder when i is divided by 12.
9
Let g = 918 - 741. Calculate the remainder when g is divided by 45.
42
Let j = 6013 - 5976. What is the remainder when 67 is divided by j?
30
Suppose 107 = 4*p + 4*j - 1, 5*j + 89 = 3*p. Let u = 33 - p. Suppose 0 = u*h - 3*d - 40, h = 6*d - d + 30. What is the remainder when 13 is divided by h?
3
Suppose -590*k = -586*k - 2*z - 314, 3*z + 21 = 0. What is the remainder when k is divided by 13?
10
Let l(m) = 3*m**2 - 126*m + 858. What is the remainder when 164 is divided by l(7)?
41
Calculate the remainder when 327/((21/56)/(18/36)) is divided by 158.
120
Let t(m) = -m**3 - 12*m**2 - 8*m - 46. Let g = 355 + -346. What is the remainder when t(-12) is divided by g?
5
Suppose -13*x + 34 = -18. Suppose -5*v + 17 = 3*w, 5*v + 7 = -w - x. Calculate the remainder when 192 is divided by w.
10
Let g = -467 + 643. Suppose -289 = -3*b + 5*n, -2*b + n - 6*n = -g. Calculate the remainder when 177 is divided by b.
84
Let g be 781/33 - 2/(12/(-2)). Suppose -g*b = 223 - 895. What is the remainder when 116 is divided by b?
4
Let h(i) = -i**3 - 5*i**2 - 3*i + 1. Let c be h(-3). Suppose 0 = -25*n - 13*n + 1862. Calculate the remainder when n is divided by ((-17)/(-2))/(c/(-16)).
15
Let d be 330/(-2) + (1 - -1). Let s = -147 - d. Calculate the remainder when 236 is divided by s.
12
Let u = 176 + 175. What is the remainder when 47 is divided by 1809/u - 2/13?
2
Let t(l) = 62*l**2 - 10*l + 91. Calculate the remainder when t(5) is divided by 59.
57
Let x be (-4)/32 + 15395/(-40). Let v = x + 591. Calculate the remainder when v is divided by 23.
22
Suppose 5*l + 35 = 4*v, -2*v - 27*l = -29*l - 16. Calculate the remainder when v is divided by ((-12)/54)/(1/(-9)).
1
Let o = -43211 - -43301. What is the remainder when o is divided by 0 + 0/(-2) + 38?
14
Let y = 4284 + -4241. What is the remainder when 383 is divided by y?
39
Calculate the remainder when 3698 is divided by 25 + (124 - -10)*9.
5
What is the remainder when (-22)/110 - (-60864)/20 is divided by 23?
7
Suppose 8 - 32 = -r - 4*h, 5*r - 44 = -h. Let p = -243 - -835. Suppose 35*k - 388 = p. Calculate the remainder when k is divided by r.
4
Let f(v) = 657*v + 7790. What is the remainder when f(-10) is divided by 16?
4
Calculate the remainder when -2 - (-6872)/36 - 50/(-45) is divided by 47.
2
Let a(u) = 2*u**2 + 11*u + 57. What is the remainder when 104 is divided by a(0)?
47
Suppose 62*r = -102*r + 23452. Calculate the remainder when r is divided by 126.
17
Let k = 1213 + -931. Calculate the remainder when k is divided by 77.
51
Let x(k) = 1 + 5*k**2 - 4*k + 0 - 47*k**2 + 21*k**2. Let h be x(-2). Calculate the remainder when (70/(-25))/(6/h) is divided by 13.
9
Suppose f = -13 - 15. Let t = 23 + f. What is the remainder when (t/10 - 0)*-374 is divided by 47?
46
Suppose -602 = 3*k + 5*a, -3*k - 3*a = -4*k - 210. Let u = 255 + k. What is the r